 - 2)/(20/130). Let a = 40 - j. List the prime factors of a.
3
Let k(q) = q**3 + 56*q**2 - 97*q - 43. What are the prime factors of k(-56)?
17, 317
Let b be -10 - -7 - -3*1. Suppose b = -3*t - 9, -3*t = -2*m + t + 28. Let q = 23 - m. What are the prime factors of q?
3, 5
Suppose 0 = 2*s - q - 414, -5*s + 4*q + 952 = -77. What are the prime factors of s?
11, 19
Let z be 42/(-4)*16/(-12). Let g = z + -7. Let c = g - -20. List the prime factors of c.
3
Let s(l) = 40*l - 22. What are the prime factors of s(10)?
2, 3, 7
Suppose -65840 = -28*o + 71332. List the prime factors of o.
3, 23, 71
Let d = 608 + -247. List the prime factors of d.
19
Let s be (-2)/(-4)*4 - -1*1. Suppose -21 = -y + s*z + 10, -z + 83 = 3*y. What are the prime factors of y?
2, 7
Let r(h) = -6*h - 17. Let k be (-5 - -8) + 3*-3. Let s be 45/k - 2/4. List the prime factors of r(s).
31
Suppose 0 = -i - 4*l + 161, -2*l - l - 126 = -i. List the prime factors of i.
3, 47
Suppose -114 = -6*d + 5*d. Suppose -75 = -3*w + d. List the prime factors of w.
3, 7
Suppose -4*p - 2*x + 8 = 2*x, 17 = 4*p + x. Suppose -327 + 87 = -p*h. Suppose -i + h = 4*c, 2*c + 130 = 2*i + i. List the prime factors of i.
2, 11
Suppose 9*p - 20 = 4*p. What are the prime factors of 3/p - (-9899)/76?
131
Let p be 892/36 - 12/(-54). What are the prime factors of 20*1*40/p?
2
Let t(s) = 4*s**2 + 8*s + 13. Let v(m) = m**2 - 11*m - 4. Let d be v(11). What are the prime factors of t(d)?
3, 5
Suppose 30*g - 1442 - 1078 = 0. List the prime factors of g.
2, 3, 7
Let n = -115 - -189. Suppose 2*k + 4*r - 34 = 0, 4*k - 4*r - 6 = n. What are the prime factors of k?
19
Let o(n) = 91*n - 2. Let j be o(1). Let q = j - 35. What are the prime factors of q?
2, 3
Let n = 1 + 2. Suppose -2*r - l - 60 = 0, -3*r - r + n*l - 120 = 0. List the prime factors of ((-12)/5)/(4/r).
2, 3
Suppose -3*s - 2*s = 2*n - 10, 4*s = -n + 8. Suppose p - 119 = 4*p - 4*k, -p - k - 28 = n. Let z = -17 - p. List the prime factors of z.
2
What are the prime factors of 424/((-8)/40*(1 - 6))?
2, 53
Let p(f) = 12*f**2 + 1. Let r be p(2). Let l = r + 10. What are the prime factors of l?
59
Let c(k) = 4*k - 2. Let o = 11 - 7. What are the prime factors of c(o)?
2, 7
Let d(u) = u**3 - u**2 + 7*u - 10. Suppose -8 = -24*t + 22*t. List the prime factors of d(t).
2, 3, 11
Let s(i) be the second derivative of 2*i**2 + 0 + 5/6*i**3 + 2*i - 1/6*i**4 - 1/10*i**5. List the prime factors of s(-3).
5
Let f(y) = -y**2 - 15*y - 21. Let x be f(-6). Let m = x + -18. Let t = 29 + m. What are the prime factors of t?
2, 11
Let u = -58 - -51. List the prime factors of ((-184)/(-56) + 2/u)*38.
2, 3, 19
Suppose -17 = 6*z - z + y, -2*z - 3*y + 1 = 0. Let a(h) = -2*h**3 - 2*h**2 + 7*h - 4. List the prime factors of a(z).
2
Let v be 15*-1*4/(-10). Let t be v/21 - (-2)/(-7). Suppose t = 3*x + n - 65, -1 = -2*n + 3. List the prime factors of x.
3, 7
What are the prime factors of 1 + (-37910)/(-20) - 1/(-2)?
7, 271
Let s be 6/4*128/4. Suppose s = 6*z - 3*z. What are the prime factors of z?
2
Let a = 123 + -118. Suppose 0*q - 2*q - a*h + 400 = 0, 2*q - h - 376 = 0. List the prime factors of q.
2, 5, 19
List the prime factors of 2/(11710/(-5860) + 2).
2, 293
Let q be -3 + 5 + -3 + 141. Suppose -q = -4*w - 0*w. Let p = w + -17. List the prime factors of p.
2, 3
Suppose 0 = -3*v + 4*x + 2740, 2*x - 4610 = -12*v + 7*v. List the prime factors of v.
2, 5, 23
Suppose -t = -2*x - 127, -2*x - 122 = 3*t + t. Let w = x - -104. What are the prime factors of w?
41
Let o(t) = t**2 - t + 1. Let n be o(0). Suppose -16 = -5*h - n. Suppose 2*r = 4*b + 42, -2*b = -r + h*b + 18. What are the prime factors of r?
23
Suppose -8*n = -12*n + 12. Let d be -4 - (n + (4 - 11)). Suppose -56 = -d*o - 2*o. What are the prime factors of o?
2, 7
Let d(r) = 12*r + 19. Let f(i) = i**2 + 10*i - 24. Let h be f(-13). What are the prime factors of d(h)?
199
Suppose 0 = n - 4*s - 18, -s + 2*s - 4 = -4*n. Suppose -a - u + 1 = 0, 3*a + 3 = n*u + 1. Suppose -12 = -b - a. What are the prime factors of b?
2, 3
Let x(c) = -c**2 + 4*c + 6. Let d be x(4). Let r = d + 17. What are the prime factors of r?
23
What are the prime factors of (-4)/66 - (-99404)/132?
3, 251
Let y be -4 + 51/12 + (-7)/(-4). Suppose -26 = -2*j + 4*b, 0*j = -y*j - 5*b + 8. What are the prime factors of j?
3
Let w(p) = 593*p**2 - 44*p - 3. List the prime factors of w(-2).
3, 7, 13
Suppose 2*g + 1098 = 2*v, 3*g + 2*v + 1500 = -147. Let f be g/(-27) - 2/(-3). Let x = f + -6. List the prime factors of x.
3, 5
Suppose -104 = -3*t - 2*d, 0 = -2*t + 5*d - d + 64. List the prime factors of t.
2, 17
Suppose -3*v = 3*k - 10500, -k = -3*v + 4*k + 10476. What are the prime factors of v?
13, 269
Let k be 30/(-18) - -1 - (-217)/(-3). Let x = -12 - k. List the prime factors of x.
61
Let b = 5 - -192. List the prime factors of b.
197
List the prime factors of ((-130)/15 - -8) + (-581)/(-3).
193
Suppose 3*t + 2*t - 20 = 0. Let h(u) = -3*u + 6. Let f be h(t). Let k = 19 + f. What are the prime factors of k?
13
Suppose 56*o = 19298 + 30150. List the prime factors of o.
883
Suppose 6*j = 2765 - 545. What are the prime factors of j?
2, 5, 37
Suppose 30*p - 47346 = -9*p. What are the prime factors of p?
2, 607
Suppose 4*w - 5*x - 3409 = w, 4487 = 4*w + 5*x. Let l be w/28 + (-2)/7. Suppose -4*b + h = -11, l = 2*b + 3*b + 4*h. List the prime factors of b.
2
Let l(u) be the second derivative of -u**5/120 - u**4/24 + 2*u**3/3 - 5*u. Let i(q) be the second derivative of l(q). List the prime factors of i(-12).
11
Suppose 0 = b - 55 - 10. Suppose 0 = 4*o - r + 44 + 5, -2*r + 46 = -4*o. Let p = b + o. What are the prime factors of p?
2, 13
Let i(a) = a**3 - 3*a**2 - 5*a + 9. Let b be i(4). Let x(n) = 11*n + 3. List the prime factors of x(b).
2, 29
Suppose 19968 = 6*j + 20*j. What are the prime factors of j?
2, 3
Suppose 635 = 2*p - v, 0 = 2*p - 5*p - 2*v + 970. What are the prime factors of p?
2, 5
Let a(n) = n**3 - 7*n**2 + 3*n - 5. Let w be 9/21 + (-33)/(-21). Let f be (2 - 3) + 6 + w. List the prime factors of a(f).
2
Suppose 3*l = -3*u - 10 + 58, -5*u = l - 28. Let i = 23 - l. Let y = i + 0. What are the prime factors of y?
2, 5
Let r(a) = a**2 + 8*a - 15. Let n(l) = -2*l**2 - 15*l + 31. Let p(b) = -3*n(b) - 5*r(b). List the prime factors of p(-8).
2, 3
Let z be 2 + 7*(15 - -3). Let j be z/24*3/4. Suppose -3*l - 2*f + 3*f = -39, 3*f = -j*l + 39. What are the prime factors of l?
2, 3
Suppose 3*a = 4*j - 6680, 2578 = 4*j - 4*a - 4098. List the prime factors of j.
7, 239
Let x = -525 - -1101. What are the prime factors of x?
2, 3
What are the prime factors of (-3 + -2 - -945) + 4/1?
2, 59
Let q(d) = -d**3 - 11*d**2 - 4*d - 2. Let p be q(-13). Let w = -219 + p. Suppose 5*s - n - 190 = 2*n, -n = 4*s - w. List the prime factors of s.
41
Let o(b) = b + 5. Let j be o(-5). Suppose j*l + l - 29 = 0. What are the prime factors of l?
29
Let f(y) = 3*y**2 - 11*y - 5. Let p(k) = k**2 + 5*k - 1. Let i be p(-3). Let d be f(i). Suppose -d = -3*u - 21. What are the prime factors of u?
2, 3, 11
Suppose -5*m - 1587 = 2*w, -m + w - 316 = -0*w. Let s = m + 457. What are the prime factors of s?
2, 5, 7
Let o be ((-28)/(-2))/((-2)/(-4)). Let z = 42 - o. What are the prime factors of z?
2, 7
Let n be 285/(-6) - (3/6 - 0). List the prime factors of 2*(3 - (n + 0)).
2, 3, 17
Suppose -6589 = -11*q + 2904. What are the prime factors of q?
863
Suppose 3*u = -2*g - 7, g - 3*u + 1 = -4*u. What are the prime factors of (-1)/(-3) + (g - 182/(-3))?
5, 13
Suppose -1501 = 7*u - 5974. What are the prime factors of u?
3, 71
Let a(u) = u**3 + 6*u**2 - 2*u + 2. Let z be a(-6). Let f = 20 - z. List the prime factors of f.
2, 3
Suppose 54*p = 52*p + 4. Suppose p*f = -45 + 165. List the prime factors of f.
2, 3, 5
Let x(j) = -41*j + 3. Let i(w) = -10*w + 1. Let m(q) = -9*i(q) + 2*x(q). What are the prime factors of m(1)?
5
Let s(f) = -f**2 - 19*f + 2893. What are the prime factors of s(0)?
11, 263
Suppose t - s = 800, -3*s - s = 3*t - 2393. List the prime factors of t.
17, 47
Suppose s + 5*q = 425, -199 = -4*s - 4*q + 1453. List the prime factors of s.
2, 5, 41
Suppose -3*o + 4*i = -2403, 5*o - 3997 = -0*i + 4*i. List the prime factors of o.
797
Let o = -33 - -8. Let x = o - -74. What are the prime factors of x?
7
Suppose -63 = 4*